uppose -9*r - 52962 = -13*r + 3*d, -d - 2 = 0. What are the prime factors of r?
3, 1471
Suppose 3*o = -73 - 11. Suppose -4 = 6*j + 44. List the prime factors of (-73)/(o/j + -3)*-1.
2, 73
Let b(n) = -n. Let h(t) = 2*t**2 - 19*t - 71. Let q(i) = 4*b(i) + h(i). List the prime factors of q(-16).
809
What are the prime factors of (1/(-4)*55)/(521/(-154216))?
2, 5, 11, 37
Suppose 207 + 33 = -6*y. Let s be (5/(100/456))/((-6)/y). What are the prime factors of 1/(-2)*s/(-2)*1?
2, 19
Let m be -2 - (-4 + 7) - (1 - 1). Let p = m - -4. List the prime factors of (p*(-15)/(-10))/((-1)/120).
2, 3, 5
Let i = 2231 + -758. Suppose z - 224 = -3*s + 1233, -z + s + i = 0. List the prime factors of z.
13, 113
Suppose i - 690 = -5*h, -7*h + 414 = -4*h - 4*i. Suppose c - h = 5*f + 794, 0 = c - f - 948. What are the prime factors of c?
2, 7, 17
Let p(w) = 6*w**3 - 888*w**2 - 223*w - 445. What are the prime factors of p(149)?
2, 3, 53, 313
Let t be 15730/(-13) - (-2 - 4). Let f = -587 - t. What are the prime factors of f?
617
Let i be ((0 + -64)*4)/((-4)/(-6)). Let a = i + 748. What are the prime factors of a?
2, 7, 13
Suppose w - 887 = -3*s + 5310, -4*s + 8267 = -3*w. List the prime factors of s.
2, 1033
Suppose 6 = 8*r - 10. Suppose -h = 8*h - r*h. Suppose h = 4*d - 503 - 121. List the prime factors of d.
2, 3, 13
Suppose 65*z + 64*z - 139*z + 90930 = 0. List the prime factors of z.
3, 7, 433
Suppose 14*v = 109462 - 86373 + 288411. List the prime factors of v.
2, 5, 89
Suppose 0 = -2*o - i + 22108, -o + 2918 = -6*i - 8149. List the prime factors of o.
3, 5, 11, 67
Suppose 14354 + 878 = 3*g + w, -2*w = 2*g - 10152. What are the prime factors of g?
2, 2539
Suppose -2*j + 3520 = -2*o, -3*j - 3517 = -5*j + 5*o. Suppose j = 4*q - 3*r, 2*q - 3*r = 7*q - 2181. List the prime factors of q.
2, 3, 73
Suppose -b + 8 = 4*a - 2*b, 3*a - 25 = -4*b. Let z(d) = 19*d - 7*d + 12*d**2 - 10*d**2 - 2*d**a. List the prime factors of z(-4).
2, 7
Let k(m) = -34*m - 26. Let i = -82 - -78. What are the prime factors of k(i)?
2, 5, 11
Let h = 6441 + 233. What are the prime factors of h?
2, 47, 71
Let o = 1555 + 31316. What are the prime factors of o?
3, 10957
Suppose 2*v = 4*v - 10. Suppose -v*r = -10*r. Suppose -5*z + 5 = 2*x, -2*z - z - 15 = r. What are the prime factors of x?
3, 5
Let m(s) be the third derivative of -3*s**4/2 - 5*s**3 - 7*s**2. What are the prime factors of m(-10)?
2, 3, 5, 11
Let n be 1*3 - -2*1. Let w be (-8 + 88/16)*64/(-80). Suppose -h = w*h - q - 275, -n*h + q = -459. List the prime factors of h.
2, 23
Suppose 0 - 8 = 4*a. Let n be 18/a*8/24 + 1. List the prime factors of (-1)/(n/(6/9))*579.
193
Suppose 121*l - 116*l + 875 = 0. Let a = l - -335. What are the prime factors of a?
2, 5
What are the prime factors of (3136/294)/((-2)/6)*-284?
2, 71
Let j be 8/3*(-54)/(-36). Suppose -5*r - 4*p + 3916 = 853, 2*r - 1214 = j*p. List the prime factors of r.
13, 47
Let q(t) = 159*t + 769. What are the prime factors of q(19)?
2, 5, 379
Suppose -141*d - 6123 = -128*d. Let u = 748 + d. What are the prime factors of u?
277
Suppose 32*t = 5*t + 54432. Let q = 3085 - t. What are the prime factors of q?
1069
Suppose 13*s - 11*s - 3*q = 2078, -4*q = 3*s - 3151. Let b = -2 - 4. What are the prime factors of b/4 + s/22?
2, 23
Let g = -31 + 33. Let f be (0/g)/(0 - 3). Suppose u - 4*u + 201 = 3*d, 4*u - 2*d - 286 = f. What are the prime factors of u?
2, 5, 7
Let h be (-4)/((-24)/45)*(-45 + 7). Let s = h - -1384. List the prime factors of s.
7, 157
What are the prime factors of -10*(-2)/4 - (-1408 + 236)?
11, 107
Suppose -5*k = 5*p - 45060, -3*p = k - 4*k + 27018. Suppose -k = -a - 1289. List the prime factors of (2/((-8)/(-2)))/(20/a).
193
Let c(r) = -13 + 19 + 6*r + 18 + 0*r. What are the prime factors of c(8)?
2, 3
Suppose 2*p = -4*i + 239808, -11*i + 3*p + 179874 = -8*i. What are the prime factors of i?
2, 31, 967
Let w(h) = h**2 - 14*h + 5. Let p be w(6). List the prime factors of (p - 0)/(31/(-186)).
2, 3, 43
Let m = -580 - -826. Let h = m + -190. What are the prime factors of h?
2, 7
Let u = -494 - -248. Let i = 102 + u. Let f = i + 226. List the prime factors of f.
2, 41
What are the prime factors of -2 - -45245*10/50?
83, 109
Let t(n) = -214*n + 10. Let w be t(-18). Suppose -4*f - 4*h + w - 194 = 0, -3*h + 3666 = 4*f. Suppose 60*r = 55*r + f. List the prime factors of r.
3, 61
List the prime factors of (25655/70)/(1/168) - (-9 + 1).
2, 5, 3079
What are the prime factors of 14*((-28596)/(-40) - -3*10/(-75))?
7, 1429
Let y be 2/(-5) + (-1710)/(-25). Let r = 33 - 31. Suppose r = w - 1, 0 = -5*g + 4*w + y. List the prime factors of g.
2
Let t = -32 + 36. Suppose t*o = 3*v + 38 - 100, 3*o + 40 = -v. Let z = o + 56. List the prime factors of z.
2, 3, 7
Let p = 131 + -145. Let s be ((-8)/(-20))/(p/(-3955)). Suppose 3*v - 818 = -s. List the prime factors of v.
5, 47
Let w(f) = -f**3 - 12*f**2 - 25*f - 33. Let k be w(-10). Suppose 4*g - o - 185 = 0, -4*g + 17 = 5*o - 162. Let r = g - k. What are the prime factors of r?
29
Let q be (-6)/(2/(2408/(-3620)) - -3). Let f = -556 + q. What are the prime factors of f?
347
Suppose 6*m + 25 = 1. Let t = m + 51. What are the prime factors of t?
47
Let x be 6/(1 + 1)*5. Let c(j) = 102 - 252 + 8*j + 119. List the prime factors of c(x).
89
Suppose 614320 = 236*n - 216*n. What are the prime factors of n?
2, 7, 1097
Suppose 40 = 5*t - 5*d, 3*d + 3 = -4*t + 7. Let c(s) = -2*s**2 - 5*s + 17. Let o(x) = x**2 - 1. Let a(b) = c(b) + 6*o(b). List the prime factors of a(t).
5, 11
Suppose 155*u - 1635547 - 243994 = 1316094. What are the prime factors of u?
53, 389
Let a(m) = -14210*m**3 + 4*m**2 + 2*m - 1. What are the prime factors of a(-1)?
3, 1579
Suppose 4*r - 42 = -3*r. Suppose -m - 5*b - 1790 = -r*m, 2*b = -m + 343. What are the prime factors of m?
353
Suppose -11*j + 70515 = 37692 - 126303. List the prime factors of j.
2, 3, 2411
Suppose 36*l - 77234 = -47*l - 63*l. List the prime factors of l.
23
Let d(c) = 98*c - 1. Let r be d(2). What are the prime factors of (r/(-52))/(3/(-488))?
2, 5, 61
Suppose 111*k + 9 = 108*k. What are the prime factors of 70 - (5 + k + -2)/1?
2, 5, 7
Let v = -117 - -130. Suppose 11*t - v*t = -752. What are the prime factors of t?
2, 47
What are the prime factors of 62124/32 + (5 - 86/16)?
3, 647
Let n = 275 + 1275. What are the prime factors of n?
2, 5, 31
Let x = 9773 - 5917. List the prime factors of x.
2, 241
Suppose 10*t - 36387 = 8*t + 5*d, -3*t + 3*d + 54549 = 0. List the prime factors of t.
2, 71
Suppose -3*i + 4*v = -54 + 1, -9 = -i - 3*v. Let t be ((-40)/i)/(2/(-3)). Suppose o - 3*w = 18, o - t*w - w - 16 = 0. What are the prime factors of o?
3, 7
Let j(z) = 2*z**3 + 2*z**2 + 3*z + 48. Let u(d) = 4*d**2 + 5*d. Let i be u(-2). What are the prime factors of j(i)?
2, 3, 5, 19
Suppose 12*y - 16*y = 400. Let r = 284 + y. Suppose r = 3*u - 113. What are the prime factors of u?
3, 11
Let c(j) = j**3 + 2*j**2 - 3*j + 2. Let z be c(-3). Suppose -6*p - 276 = -z*p. Let t = p - -141. List the prime factors of t.
2, 3
Let d(r) = 9*r**2 + 12*r + 4. Let b be d(5). Suppose -s - 1 = 0, 4*s = 2*h + 5 - b. List the prime factors of h.
2, 5, 7
Let l(y) = -3*y**3 - 10*y**2 + 5*y - 9. Let i be l(-4). List the prime factors of ((-2)/i)/(24/(-2808)).
2, 3, 13
What are the prime factors of 68240/(10/1) - -8?
2, 7, 61
Let f = 326 + -328. What are the prime factors of 0 + -3 + 667 + (f - -2)?
2, 83
Suppose 0 = -10*t - 54*t + 102*t - 1826432. What are the prime factors of t?
2, 751
Let a(l) = 318*l**2 + 104*l - 1824. What are the prime factors of a(15)?
2, 3, 109
Let k = 41186 - 6780. List the prime factors of k.
2, 17203
Let q = 190 + -126. Let w be (q/36 - 2) + (-47)/(-9). Let p(h) = 16*h + 11. List the prime factors of p(w).
7, 13
Let x(w) be the first derivative of w**4/24 + 14*w**3/3 + 17*w**2/2 - 6. Let c(y) be the second derivative of x(y). List the prime factors of c(-18).
2, 5
Suppose 4*w = 2*m + 8078, 0 = -10*w + 14*w + 14*m - 7966. List the prime factors of w.
2, 3, 7
Suppose -100*z - 28*z = 145*z - 1832376. What are the prime factors of z?
2, 839
Let c be 4/5*(-1235)/(-26). Suppose c*m - 80 = 36*m. Let n = m + -27. List the prime factors of n.
13
Let i(n) = 281*n**2 + 20*n + 121. What are the prime factors of i(-8)?
5, 37, 97
Suppose